{"id":61,"date":"2014-06-24T23:00:54","date_gmt":"2014-06-24T21:00:54","guid":{"rendered":"http:\/\/patchwerkstatt.kowalke-net.de\/pw2\/?page_id=61"},"modified":"2020-02-06T23:08:58","modified_gmt":"2020-02-06T22:08:58","slug":"donauwellen-quilter","status":"publish","type":"page","link":"https:\/\/patchwerkstatt.kowalke-net.de\/pw2\/donauwellen-quilter\/","title":{"rendered":"Donauwellen-Quilter"},"content":{"rendered":"<p>Die \u201cDonauwellenquilter\u201d sind eine regionale Patchworkgruppe in Nordschwaben. Die Gruppe fand sich Anfang 1997 zusammen und besteht aus etwa 20 quiltbegeisterten Frauen.<\/p>\n<p>Unsere Treffen finden am<br \/>\n<b style=\"font-style: inherit;\">letzten Mittwoch des Monats von 15 \u2013 18 Uhr<br \/>\n<\/b>und am\u00a0<b style=\"font-style: inherit;\">2. Mittwoch des Monats von 19 \u2013 22 Uhr<br \/>\n<\/b>statt.<\/p>\n<p>Patchworkinteressierte, die Anschlu\u00df zu Gleichgesinnten suchen, sind gerne eingeladen, unverbindlich bei unseren Treffen \u201creinzuschnuppern\u201d.<\/p>\n<p>Bei Interesse melden Sie sich bitte bei Ilse Kowalke,<br \/>\nTel. (0906) 8883.<\/p>\n<p>&nbsp;<\/p>\n<p><img loading=\"lazy\" class=\"alignright size-large wp-image-1363\" src=\"https:\/\/patchwerkstatt.kowalke-net.de\/pw2\/wp-content\/uploads\/2014\/06\/Plakat2-375x500.jpg\" alt=\"\" width=\"375\" height=\"500\" srcset=\"https:\/\/patchwerkstatt.kowalke-net.de\/pw2\/wp-content\/uploads\/2014\/06\/Plakat2-375x500.jpg 375w, https:\/\/patchwerkstatt.kowalke-net.de\/pw2\/wp-content\/uploads\/2014\/06\/Plakat2-225x300.jpg 225w, https:\/\/patchwerkstatt.kowalke-net.de\/pw2\/wp-content\/uploads\/2014\/06\/Plakat2-768x1024.jpg 768w, https:\/\/patchwerkstatt.kowalke-net.de\/pw2\/wp-content\/uploads\/2014\/06\/Plakat2-900x1200.jpg 900w, https:\/\/patchwerkstatt.kowalke-net.de\/pw2\/wp-content\/uploads\/2014\/06\/Plakat2-113x150.jpg 113w, https:\/\/patchwerkstatt.kowalke-net.de\/pw2\/wp-content\/uploads\/2014\/06\/Plakat2.jpg 1125w\" sizes=\"(max-width: 375px) 100vw, 375px\" \/>Im 3 &#8211; 4j\u00e4hrigen Turnus gestalten wir eine eigene\u00a0<b style=\"font-style: inherit;\">Ausstellung<\/b>.<\/p>\n<p><a style=\"font-weight: inherit; font-style: inherit; color: #000000;\" title=\"Galerie Donauwellen-Quilter\" href=\"https:\/\/patchwerkstatt.kowalke-net.de\/pw2\/galerie-donauwellen-quilter\/\"><b style=\"font-style: inherit;\">Hier<\/b><\/a>\u00a0finden Sie einige Bilder von unserer Ausstellung im Fr\u00fchjahr 2012.<\/p>\n<p>Unsere letzte\u00a0<strong>Patchwork-Ausstellung<\/strong> fand statt vom <strong>13. &#8211; 22. M\u00e4rz 2015<\/strong> im F\u00e4rbert\u00f6rle in Donauw\u00f6rth.<\/p>\n<p><strong><a title=\"Galerie F\u00e4rbert\u00f6rle 2015\" href=\"https:\/\/patchwerkstatt.kowalke-net.de\/pw2\/galerie-faerbertoerle-2015\/\">Hier<\/a>\u00a0<\/strong>gibt es einige Bilder dieser Ausstellung zu sehen.<\/p>\n<p>Unsere <strong>9. Ausstellung<\/strong>\u00a0fand wie gewohnt im F\u00e4rbert\u00f6rle in Donauw\u00f6rth statt. Sie dauerte vom <strong>12. &#8211; 21. Juli 2019.\u00a0<\/strong><\/p>\n<p>Von unserer aktuellen Ausstellung sehen Sie <a href=\"https:\/\/patchwerkstatt.kowalke-net.de\/pw2\/galerie-faerbertoerle-2019\/\">hier<\/a> viele Bilder.<\/p>\n<p>&nbsp;<\/p>\n<p>&nbsp;<\/p>\n<div class=\"twoclick_social_bookmarks_post_61 social_share_privacy clearfix 1.6.4 locale-de_DE sprite-de_DE\"><\/div><div class=\"twoclick-js\"><script type=\"text\/javascript\">\/* <![CDATA[ *\/\njQuery(document).ready(function($){if($('.twoclick_social_bookmarks_post_61')){$('.twoclick_social_bookmarks_post_61').socialSharePrivacy({\"services\":{\"facebook\":{\"status\":\"on\",\"txt_info\":\"2 Klicks f\\u00fcr mehr Datenschutz: Erst wenn Sie hier klicken, wird der Button aktiv und Sie k\\u00f6nnen Ihre Empfehlung an Facebook senden. Schon beim Aktivieren werden Daten an Dritte \\u00fcbertragen - siehe <em>i<\\\/em>.\",\"perma_option\":\"off\",\"action\":\"like\",\"language\":\"de_DE\"},\"gplus\":{\"status\":\"on\",\"txt_info\":\"2 Klicks f\\u00fcr mehr Datenschutz: Erst wenn Sie hier klicken, wird der Button aktiv und Sie k\\u00f6nnen Ihre Empfehlung an Google+ senden. Schon beim Aktivieren werden Daten an Dritte \\u00fcbertragen - siehe <em>i<\\\/em>.\",\"perma_option\":\"off\",\"referrer_track\":\"\"}},\"txt_help\":\"Wenn Sie diese Felder durch einen Klick aktivieren, werden Informationen an Facebook, Twitter, Flattr, Xing, t3n, LinkedIn, Pinterest oder Google eventuell ins Ausland \\u00fcbertragen und unter Umst\\u00e4nden auch dort gespeichert. N\\u00e4heres erfahren Sie durch einen Klick auf das <em>i<\\\/em>.\",\"settings_perma\":\"Dauerhaft aktivieren und Daten\\u00fcber-tragung zustimmen:\",\"info_link\":\"http:\\\/\\\/www.heise.de\\\/ct\\\/artikel\\\/2-Klicks-fuer-mehr-Datenschutz-1333879.html\",\"uri\":\"https:\\\/\\\/patchwerkstatt.kowalke-net.de\\\/pw2\\\/donauwellen-quilter\\\/\",\"post_id\":61,\"post_title_referrer_track\":\"Donauwellen-Quilter\",\"display_infobox\":\"on\"});}});\n\/* ]]> *\/<\/script><\/div>","protected":false},"excerpt":{"rendered":"<p>Die \u201cDonauwellenquilter\u201d sind eine regionale Patchworkgruppe in Nordschwaben. Die Gruppe fand sich Anfang 1997 zusammen und besteht aus etwa 20 quiltbegeisterten Frauen. Unsere Treffen finden am letzten Mittwoch des Monats von 15 \u2013 18 Uhr und am\u00a02. Mittwoch des Monats von 19 \u2013 22 Uhr statt. Patchworkinteressierte, die Anschlu\u00df zu Gleichgesinnten suchen, sind gerne eingeladen, [&hellip;]<\/p>\n","protected":false},"author":1,"featured_media":552,"parent":0,"menu_order":0,"comment_status":"open","ping_status":"closed","template":"","meta":[],"_links":{"self":[{"href":"https:\/\/patchwerkstatt.kowalke-net.de\/pw2\/wp-json\/wp\/v2\/pages\/61"}],"collection":[{"href":"https:\/\/patchwerkstatt.kowalke-net.de\/pw2\/wp-json\/wp\/v2\/pages"}],"about":[{"href":"https:\/\/patchwerkstatt.kowalke-net.de\/pw2\/wp-json\/wp\/v2\/types\/page"}],"author":[{"embeddable":true,"href":"https:\/\/patchwerkstatt.kowalke-net.de\/pw2\/wp-json\/wp\/v2\/users\/1"}],"replies":[{"embeddable":true,"href":"https:\/\/patchwerkstatt.kowalke-net.de\/pw2\/wp-json\/wp\/v2\/comments?post=61"}],"version-history":[{"count":24,"href":"https:\/\/patchwerkstatt.kowalke-net.de\/pw2\/wp-json\/wp\/v2\/pages\/61\/revisions"}],"predecessor-version":[{"id":1523,"href":"https:\/\/patchwerkstatt.kowalke-net.de\/pw2\/wp-json\/wp\/v2\/pages\/61\/revisions\/1523"}],"wp:featuredmedia":[{"embeddable":true,"href":"https:\/\/patchwerkstatt.kowalke-net.de\/pw2\/wp-json\/wp\/v2\/media\/552"}],"wp:attachment":[{"href":"https:\/\/patchwerkstatt.kowalke-net.de\/pw2\/wp-json\/wp\/v2\/media?parent=61"}],"curies":[{"name":"wp","href":"https:\/\/api.w.org\/{rel}","templated":true}]}}

<p>Die “Donauwellenquilter” sind eine regionale Patchworkgruppe in Nordschwaben. Die Gruppe fand sich Anfang 1997 zusammen und besteht aus etwa 20 quiltbegeisterten Frauen.</p>
<p>Unsere Treffen finden am<br />
<b style="font-style: inherit;">letzten Mittwoch des Monats von 15 – 18 Uhr<br />
</b>und am <b style="font-style: inherit;">2. Mittwoch des Monats von 19 – 22 Uhr<br />
</b>statt.</p>
<p>Patchworkinteressierte, die Anschluß zu Gleichgesinnten suchen, sind gerne eingeladen, unverbindlich bei unseren Treffen “reinzuschnuppern”.</p>
<p>Bei Interesse melden Sie sich bitte bei Ilse Kowalke,<br />
Tel. (0906) 8883.</p>
<p>&nbsp;</p>
<p><img loading="lazy" class="alignright size-large wp-image-1363" src="https://patchwerkstatt.kowalke-net.de/pw2/wp-content/uploads/2014/06/Plakat2-375x500.jpg" alt="" width="375" height="500" srcset="https://patchwerkstatt.kowalke-net.de/pw2/wp-content/uploads/2014/06/Plakat2-375x500.jpg 375w, https://patchwerkstatt.kowalke-net.de/pw2/wp-content/uploads/2014/06/Plakat2-225x300.jpg 225w, https://patchwerkstatt.kowalke-net.de/pw2/wp-content/uploads/2014/06/Plakat2-768x1024.jpg 768w, https://patchwerkstatt.kowalke-net.de/pw2/wp-content/uploads/2014/06/Plakat2-900x1200.jpg 900w, https://patchwerkstatt.kowalke-net.de/pw2/wp-content/uploads/2014/06/Plakat2-113x150.jpg 113w, https://patchwerkstatt.kowalke-net.de/pw2/wp-content/uploads/2014/06/Plakat2.jpg 1125w" sizes="(max-width: 375px) 100vw, 375px" />Im 3 &#8211; 4jährigen Turnus gestalten wir eine eigene <b style="font-style: inherit;">Ausstellung</b>.</p>
<p><a style="font-weight: inherit; font-style: inherit; color: #000000;" title="Galerie Donauwellen-Quilter" href="https://patchwerkstatt.kowalke-net.de/pw2/galerie-donauwellen-quilter/"><b style="font-style: inherit;">Hier</b></a> finden Sie einige Bilder von unserer Ausstellung im Frühjahr 2012.</p>
<p>Unsere letzte <strong>Patchwork-Ausstellung</strong> fand statt vom <strong>13. &#8211; 22. März 2015</strong> im Färbertörle in Donauwörth.</p>
<p><strong><a title="Galerie Färbertörle 2015" href="https://patchwerkstatt.kowalke-net.de/pw2/galerie-faerbertoerle-2015/">Hier</a> </strong>gibt es einige Bilder dieser Ausstellung zu sehen.</p>
<p>Unsere <strong>9. Ausstellung</strong> fand wie gewohnt im Färbertörle in Donauwörth statt. Sie dauerte vom <strong>12. &#8211; 21. Juli 2019. </strong></p>
<p>Von unserer aktuellen Ausstellung sehen Sie <a href="https://patchwerkstatt.kowalke-net.de/pw2/galerie-faerbertoerle-2019/">hier</a> viele Bilder.</p>
<p>&nbsp;</p>
<p>&nbsp;</p>
<div class="twoclick_social_bookmarks_post_61 social_share_privacy clearfix 1.6.4 locale-de_DE sprite-de_DE"></div><div class="twoclick-js"><script type="text/javascript">/* <![CDATA[ */
jQuery(document).ready(function($){if($('.twoclick_social_bookmarks_post_61')){$('.twoclick_social_bookmarks_post_61').socialSharePrivacy({"services":{"facebook":{"status":"on","txt_info":"2 Klicks f\u00fcr mehr Datenschutz: Erst wenn Sie hier klicken, wird der Button aktiv und Sie k\u00f6nnen Ihre Empfehlung an Facebook senden. Schon beim Aktivieren werden Daten an Dritte \u00fcbertragen - siehe <em>i<\/em>.","perma_option":"off","action":"like","language":"de_DE"},"gplus":{"status":"on","txt_info":"2 Klicks f\u00fcr mehr Datenschutz: Erst wenn Sie hier klicken, wird der Button aktiv und Sie k\u00f6nnen Ihre Empfehlung an Google+ senden. Schon beim Aktivieren werden Daten an Dritte \u00fcbertragen - siehe <em>i<\/em>.","perma_option":"off","referrer_track":""}},"txt_help":"Wenn Sie diese Felder durch einen Klick aktivieren, werden Informationen an Facebook, Twitter, Flattr, Xing, t3n, LinkedIn, Pinterest oder Google eventuell ins Ausland \u00fcbertragen und unter Umst\u00e4nden auch dort gespeichert. N\u00e4heres erfahren Sie durch einen Klick auf das <em>i<\/em>.","settings_perma":"Dauerhaft aktivieren und Daten\u00fcber-tragung zustimmen:","info_link":"http:\/\/www.heise.de\/ct\/artikel\/2-Klicks-fuer-mehr-Datenschutz-1333879.html","uri":"https:\/\/patchwerkstatt.kowalke-net.de\/pw2\/donauwellen-quilter\/","post_id":61,"post_title_referrer_track":"Donauwellen-Quilter","display_infobox":"on"});}});
/* ]]> */</script></div>

<p>Die “Donauwellenquilter” sind eine regionale Patchworkgruppe in Nordschwaben. Die Gruppe fand sich Anfang 1997 zusammen und besteht aus etwa 20 quiltbegeisterten Frauen. Unsere Treffen finden am letzten Mittwoch des Monats von 15 – 18 Uhr und am 2. Mittwoch des Monats von 19 – 22 Uhr statt. Patchworkinteressierte, die Anschluß zu Gleichgesinnten suchen, sind gerne eingeladen, [&hellip;]</p>
